)?
7
Suppose 2*m = -2, -2*m + 4 + 2 = -4*j. Suppose -38 = -5*n + 27. Let a = n - j. List the prime factors of a.
3, 5
Let r(s) = 152*s**2 - 4*s - 3. List the prime factors of r(-1).
3, 17
Let o = -7 - -11. Suppose -3*x = -4*c + 5, 2*c + 4*x = o*c. What are the prime factors of c?
2
Suppose -4*w + 40 = -3*w. Let u = -27 + w. List the prime factors of u.
13
Let q(a) be the third derivative of a**6/120 - a**5/12 + 7*a**4/24 - 5*a**3/6 - 2*a**2. Let n = 1 - -3. List the prime factors of q(n).
7
Suppose 4*m + 14 = i, 2*i - m - 21 = 42. What are the prime factors of i?
2, 17
Suppose 5*d = 78 + 237. What are the prime factors of d?
3, 7
Suppose -3*w + 12 = -5*v + 2, -5*w - 45 = 4*v. Let l = v - -9. Let x(f) = 2*f**2 - 5*f - 3. List the prime factors of x(l).
3
Let v be 2 + -1 + 6 + -2. Suppose 0*l - 4*x - 13 = -3*l, x + v = l. What are the prime factors of l?
7
Let p be 117/(-7) - 4/14. Let c = -27 - -52. Let s = p + c. What are the prime factors of s?
2
Let w = -3 - 9. Let i = w - -29. List the prime factors of i.
17
Let h(a) = a**3 + 22*a**2 + 23*a + 8. What are the prime factors of h(-20)?
2, 3, 29
Let x(r) = r**2 + 11*r + 16. What are the prime factors of x(-11)?
2
Let s(t) = -t + 1. Let y(u) = -9*u + 13. Let o(v) = 6*s(v) - y(v). Let d(b) = -b + 3. Let k(z) = 7*d(z) + 3*o(z). What are the prime factors of k(4)?
2
Let u(s) = 25*s**2 + 2*s - 1. What are the prime factors of u(1)?
2, 13
Let d = 1 + -3. Let n = -64 - -75. Let y = d + n. List the prime factors of y.
3
Suppose -11*l + 10*l + 2 = 0. Suppose 9 = c - 5*m, 2*m - 3*m + l = 0. List the prime factors of c.
19
Suppose 5*a - 2*a = 78. Suppose -a = -j + 5. What are the prime factors of j?
31
Let o(m) = -4*m**3 + m**2 + 2*m. Let d be o(2). Let t = 35 + d. What are the prime factors of t?
11
Let w = -13 - -56. What are the prime factors of w?
43
Suppose 3*a - 2760 = -a. Suppose 8*u - 3*u = -a. List the prime factors of u/(-8) + (-1)/4.
17
Let r = 203 - 119. Suppose r = 3*u - 6. What are the prime factors of u?
2, 3, 5
Let v = 26 + 41. List the prime factors of v.
67
Let m(a) = a**2 - 6*a - 6. Suppose 2*i + 3*f = -11, 3*i + 2*i = 2*f - 18. Let k be m(i). Let v = 47 - k. List the prime factors of v.
13
Suppose 3*u - 9 = -0*u. Let v be -5*(-3)/u - 2. Suppose 45 = -0*w + v*w. What are the prime factors of w?
3, 5
Let m(d) = 7*d - 11. Let g be m(10). Let a = g + -29. List the prime factors of a.
2, 3, 5
Let i = 1 - 1. Let z(r) = -6 + 0 - r**2 + 10*r + r + i. List the prime factors of z(8).
2, 3
Let u be 7/(-14)*(-7 - -1). Let m = u - -33. What are the prime factors of m?
2, 3
Let i(d) = d + 10. Let a be i(-7). Suppose -9 + 3 = -a*h. Suppose 2*j - 16 = h. What are the prime factors of j?
3
Let x be 585/(-25) - (-2)/5. Let d be x/(((-6)/(-3))/(-2)). List the prime factors of -2 + -4 + 3 + d.
2, 5
Let s be ((-2)/(-4))/((-3)/(-18)). Suppose -2*j - 2 + 35 = 5*x, s*j + 5*x - 42 = 0. What are the prime factors of j?
3
Let f(d) = d**2 - 10*d - 40. List the prime factors of f(18).
2, 13
Suppose -4*r + 0*f - 14 = -2*f, f + 5 = 0. Let c(g) = 25*g + 5. Let a be c(4). What are the prime factors of a/9 + 4/r?
11
Let t be (-342)/(-12)*2/3. Suppose -k + 5*s - t = 0, 0 = -2*k + s + 3*s - 8. List the prime factors of k.
2, 3
Suppose -x + 3*x + 4*z + 46 = 0, 2*z + 10 = 0. Let s = x + 20. What are the prime factors of s?
7
Suppose 15 = 6*u - u. Suppose m + 5*y - 18 = 0, 2*y - y + 6 = u*m. Suppose r = m*p - p - 16, 2*p = 4*r + 22. What are the prime factors of p?
7
Let g be (-1)/((-93)/(-297) + 2/(-9)). Let q(j) = -j**2 + j**2 + 10*j + 12*j**2 + j**3. List the prime factors of q(g).
11
What are the prime factors of (-2)/(4/2) - -26?
5
Let p = 13 - 7. List the prime factors of (-71)/(-3) - (-2)/p.
2, 3
What are the prime factors of 1 - 30/24 - (-410)/8?
3, 17
Let f(s) = s**2 + 16*s + 21. Let l be f(-15). Suppose -6 - l = -2*x. List the prime factors of x.
2, 3
Let j(y) = -y**2 + 7*y + 2. List the prime factors of j(5).
2, 3
Let a = -33 - -69. Suppose 2*v = -0*v + a. What are the prime factors of v?
2, 3
Suppose -4*y + 40 = -3*y. List the prime factors of y.
2, 5
Suppose g = -3, 2*r - 4*r = -4*g - 32. Suppose -5 = 5*a - r*a. Let x = 5 + a. What are the prime factors of x?
2, 3
Let q = -15 - -27. What are the prime factors of q?
2, 3
Suppose 6*m - 11*m + 1750 = 0. List the prime factors of m.
2, 5, 7
Let z(j) = 2*j - 6. Let w be z(4). Suppose 0*i + 2*i = -w*h + 8, 5*h = -4*i + 19. What are the prime factors of h?
3
Suppose 4*o + 6*o = 230. What are the prime factors of o?
23
Suppose -u = -2*u + 3. Suppose 0 = -u*q + 7*q - 24. What are the prime factors of q?
2, 3
Suppose 0 = -20*f + 17*f + 570. List the prime factors of f.
2, 5, 19
Let f(n) = 2 + 0 + 2*n - 1 + 3. What are the prime factors of f(5)?
2, 7
Let b = 4 + -8. Let r = 5 - 3. What are the prime factors of ((-18)/b)/(r/4)?
3
Let f be (-75)/(-10)*(-48)/(-9). Suppose 4*u + u - f = 0. List the prime factors of u.
2
Let l be (24/(-15))/2*10. Let u = 11 + l. Suppose 5*k = -w + 17, u = w + 1. What are the prime factors of k?
3
Let k be 10 - (-4 - -2) - 1. Let f be (-27)/(-6)*(-1 + k). Suppose 7*n - 2*n - f = 0. What are the prime factors of n?
3
Let w(k) = -2*k - 7. What are the prime factors of w(-5)?
3
Suppose -4*u - 150 = 5*q - 505, 2*q - 4*u = 170. List the prime factors of q.
3, 5
Suppose 4 = 4*z + 5*x, 2*x = 5*z - 3*z - 20. What are the prime factors of z?
2, 3
Suppose -3*h = 5*y - 8*h - 625, -5*h = 2*y - 278. List the prime factors of y.
3, 43
Let y be (-6)/(-9) + 158/6. Suppose 3*k + 5*u = y, -k + u + 9 = -3*u. Suppose -k = -i - 0*i. List the prime factors of i.
3
Let f = 1 - 1. Suppose i + 2*i + 57 = f. Let s = 31 + i. What are the prime factors of s?
2, 3
Suppose 0 = d - 2*d. Suppose -8*r + 4*r + 92 = d. List the prime factors of r.
23
Let q be 2/(-11) - 4/(-22). Suppose 0 = 5*d - q*d - 30. Suppose 2*n + d*b - 34 = b, 5*b = 0. List the prime factors of n.
17
Let g = 10 - 6. Let d(c) = 2*c**2 + 1. Let r be d(-2). Suppose -r = -t + x, 3*t - g*t + 1 = -5*x. List the prime factors of t.
11
What are the prime factors of 590/(-1*(-1 + -1))?
5, 59
Let f(p) = 5*p**2 - 2*p + 2. List the prime factors of f(1).
5
Let t = 7 + -10. Let f(a) = -a. List the prime factors of f(t).
3
Let b(y) = y**2 + 3*y - 3. Let k be b(-4). List the prime factors of 8/2*2/k.
2
Let w = 3 - 1. Suppose w*p - 4*p + 130 = 0. Suppose -5*j + p = -0*j. List the prime factors of j.
13
Suppose 0 = 3*z - t - 685, 0*t - 3*t = -3*z + 693. List the prime factors of z.
227
Suppose -h + 16 = -0*h. Suppose o - 3 = t + t, -h = -4*o + 4*t. List the prime factors of o.
5
Let y(g) = 11*g + 3. Let v be y(-9). What are the prime factors of (-2 - -1)/(3/v)?
2
Let g = -1 - -3. Let v be (3/g)/(9/6). Suppose -v = -s - 5, 3*s - 39 = -3*w. List the prime factors of w.
17
Let c = 17 - 1. Let w = -6 + c. Let i = w - 4. What are the prime factors of i?
2, 3
Suppose d = 2*d - 64. Suppose -5*m = -9 + 39. What are the prime factors of 6/(-4)*d/m?
2
Let p(v) = -19*v + 9. List the prime factors of p(-2).
47
Suppose -5*b - 1 + 3 = 2*g, -4*b = 4*g - 4. Let n(c) = -c + 22. List the prime factors of n(b).
2, 11
Suppose 145 = 2*m + 5*u, 4*m + 0*m + 2*u = 298. What are the prime factors of m?
3, 5
Let m(q) = -q**2 - 6*q - 5. Let d be m(-4). Suppose d*x = -0*x + 15. What are the prime factors of x?
5
Suppose -4*p = 2*w - 178, -2*p - 3*w + 24 + 75 = 0. List the prime factors of p.
2, 3, 7
What are the prime factors of 10/((-52)/(-611)*(-1)/(-2))?
5, 47
Suppose 3*w + 402 = 5*k, 2*k + 2*w - 148 = -0*w. What are the prime factors of k?
2, 3, 13
Suppose -b = -v - 100, 5*b - 503 = -0*v + 4*v. What are the prime factors of b?
103
Let g = -4 + 8. Let y(o) = -o**3 + 3*o**3 + 3*o**2 - g*o**2 + 1 + 0*o**3. What are the prime factors of y(2)?
13
Let n(c) = -11*c + 5. What are the prime factors of n(-3)?
2, 19
Let m(s) = 7*s + 1. Suppose -2 = d - 4. What are the prime factors of m(d)?
3, 5
Let y(f) be the third derivative of f**6/720 - f**5/120 + f**4/6 - 3*f**2. Let k(q) be the second derivative of y(q). List the prime factors of k(3).
2
Suppose 193 + 643 = 4*b. List the prime factors of b.
11, 19
Let z = -8 + 11. Let h(q) = -q**3 + 4*q**2 - 4*q + 3. Let b be h(z). Suppose 3*j + 1 - 31 = b. What are the prime factors of j?
2, 5
Let n(t) = -t**2 